{"id":43884,"date":"2025-10-16T09:39:48","date_gmt":"2025-10-16T09:39:48","guid":{"rendered":"https:\/\/prototipo.chilehockey.cl\/?page_id=43884"},"modified":"2025-10-16T09:50:56","modified_gmt":"2025-10-16T09:50:56","slug":"masificacion-colegios-sip","status":"publish","type":"page","link":"https:\/\/chilehockey.cl\/index.php\/masificacion-colegios-sip\/","title":{"rendered":"Masificaci\u00f3n Colegios SIP"},"content":{"rendered":"\t\t<div data-elementor-type=\"wp-page\" data-elementor-id=\"43884\" class=\"elementor elementor-43884\" data-elementor-post-type=\"page\">\n\t\t\t\t<div class=\"elementor-element elementor-element-eb3f1bd e-flex e-con-boxed e-con e-parent\" data-id=\"eb3f1bd\" data-element_type=\"container\" data-settings=\"{&quot;background_background&quot;:&quot;classic&quot;}\">\n\t\t\t\t\t<div class=\"e-con-inner\">\n\t\t\t\t<div class=\"elementor-element elementor-element-2c97830 animated-slow elementor-invisible elementor-widget elementor-widget-heading\" data-id=\"2c97830\" data-element_type=\"widget\" data-settings=\"{&quot;_animation&quot;:&quot;slideInUp&quot;}\" data-widget_type=\"heading.default\">\n\t\t\t\t\t<h2 class=\"elementor-heading-title elementor-size-default\">MASIFICACI\u00d3N COLEGIOS SIP<\/h2>\t\t\t\t<\/div>\n\t\t\t\t\t<\/div>\n\t\t\t\t<\/div>\n\t\t<div class=\"elementor-element elementor-element-8068f82 e-con-full e-flex e-con e-parent\" data-id=\"8068f82\" data-element_type=\"container\" data-settings=\"{&quot;background_background&quot;:&quot;classic&quot;}\">\n\t\t\t\t<div class=\"elementor-element elementor-element-587be6d elementor-widget elementor-widget-image-box\" data-id=\"587be6d\" data-element_type=\"widget\" data-widget_type=\"image-box.default\">\n\t\t\t\t\t<div class=\"elementor-image-box-wrapper\"><div class=\"elementor-image-box-content\"><p class=\"elementor-image-box-description\">En 2016, la Federaci\u00f3n Chilena de Hockey (FEHOCH) firm\u00f3 un convenio con la Sociedad de Instrucci\u00f3n Primaria (SIP), que permiti\u00f3 implementar talleres de hockey sobre c\u00e9sped en cinco colegios vulnerables de Santiago.\nEl proyecto tuvo una gran recepci\u00f3n: padres, estudiantes y comunidades escolares se involucraron activamente, con talleres dirigidos a cursos de 1\u00ba a 4\u00ba b\u00e1sico.<\/p><\/div><\/div>\t\t\t\t<\/div>\n\t\t\t\t<div class=\"elementor-element elementor-element-c828e95 elementor-widget elementor-widget-image-box\" data-id=\"c828e95\" data-element_type=\"widget\" data-widget_type=\"image-box.default\">\n\t\t\t\t\t<div class=\"elementor-image-box-wrapper\"><div class=\"elementor-image-box-content\"><p class=\"elementor-image-box-description\">El \u00e9xito del primer a\u00f1o impuls\u00f3 su expansi\u00f3n. En 2017, el programa se extendi\u00f3 a diez colegios, ofreciendo talleres gratuitos que reunieron a m\u00e1s de 30 alumnos por entrenamiento. Ese mismo a\u00f1o, los ni\u00f1os y ni\u00f1as participantes disputaron por primera vez torneos oficiales organizados por FEHOCH, viviendo la experiencia de competir en una cancha oficial junto a clubes de Santiago y otras regiones del pa\u00eds.<\/p><\/div><\/div>\t\t\t\t<\/div>\n\t\t\t\t<div class=\"elementor-element elementor-element-e2a314b elementor-widget elementor-widget-image-box\" data-id=\"e2a314b\" data-element_type=\"widget\" data-widget_type=\"image-box.default\">\n\t\t\t\t\t<div class=\"elementor-image-box-wrapper\"><div class=\"elementor-image-box-content\"><p class=\"elementor-image-box-description\">En 2018, se sumaron tres nuevos colegios, alcanzando un total de 13 establecimientos beneficiados. En muchos de ellos, el taller de hockey se consolid\u00f3 como una de las actividades m\u00e1s relevantes del programa extracurricular.\n\nPara 2019, el proyecto mantuvo su cobertura en 13 colegios, pero ampli\u00f3 su alcance: ahora las clases inclu\u00edan a estudiantes desde 1\u00ba a 6\u00ba b\u00e1sico.\nGracias a este crecimiento, m\u00e1s de 500 ni\u00f1os y ni\u00f1as practicaban hockey sobre c\u00e9sped de forma regular en sus colegios.<\/p><\/div><\/div>\t\t\t\t<\/div>\n\t\t\t\t<div class=\"elementor-element elementor-element-1c71b42 elementor-widget elementor-widget-image-box\" data-id=\"1c71b42\" data-element_type=\"widget\" data-widget_type=\"image-box.default\">\n\t\t\t\t\t<div class=\"elementor-image-box-wrapper\"><div class=\"elementor-image-box-content\"><p class=\"elementor-image-box-description\">Este proyecto representa un paso clave para acercar el deporte a comunidades escolares y fortalecer la formaci\u00f3n integral de sus estudiantes, reafirmando el compromiso de FEHOCH con el desarrollo del hockey a nivel nacional.<\/p><\/div><\/div>\t\t\t\t<\/div>\n\t\t\t\t<\/div>\n\t\t\t\t<\/div>\n\t\t","protected":false},"excerpt":{"rendered":"<p>MASIFICACI\u00d3N COLEGIOS SIP En 2016, la Federaci\u00f3n Chilena de Hockey (FEHOCH) firm\u00f3 un convenio con la Sociedad de Instrucci\u00f3n Primaria (SIP), que permiti\u00f3 implementar talleres de hockey sobre c\u00e9sped en cinco colegios vulnerables de Santiago. El proyecto tuvo una gran recepci\u00f3n: padres, estudiantes y comunidades escolares se involucraron activamente, con talleres dirigidos a cursos de [&hellip;]<\/p>\n","protected":false},"author":1,"featured_media":0,"parent":0,"menu_order":0,"comment_status":"closed","ping_status":"closed","template":"","meta":{"footnotes":""},"class_list":["post-43884","page","type-page","status-publish","hentry"],"_links":{"self":[{"href":"https:\/\/chilehockey.cl\/index.php\/wp-json\/wp\/v2\/pages\/43884","targetHints":{"allow":["GET"]}}],"collection":[{"href":"https:\/\/chilehockey.cl\/index.php\/wp-json\/wp\/v2\/pages"}],"about":[{"href":"https:\/\/chilehockey.cl\/index.php\/wp-json\/wp\/v2\/types\/page"}],"author":[{"embeddable":true,"href":"https:\/\/chilehockey.cl\/index.php\/wp-json\/wp\/v2\/users\/1"}],"replies":[{"embeddable":true,"href":"https:\/\/chilehockey.cl\/index.php\/wp-json\/wp\/v2\/comments?post=43884"}],"version-history":[{"count":4,"href":"https:\/\/chilehockey.cl\/index.php\/wp-json\/wp\/v2\/pages\/43884\/revisions"}],"predecessor-version":[{"id":43899,"href":"https:\/\/chilehockey.cl\/index.php\/wp-json\/wp\/v2\/pages\/43884\/revisions\/43899"}],"wp:attachment":[{"href":"https:\/\/chilehockey.cl\/index.php\/wp-json\/wp\/v2\/media?parent=43884"}],"curies":[{"name":"wp","href":"https:\/\/api.w.org\/{rel}","templated":true}]}}